{"id":4973,"date":"2018-11-29T19:00:15","date_gmt":"2018-11-29T19:00:15","guid":{"rendered":"http:\/\/santotomasdeaquino-torrent.es\/?page_id=4973"},"modified":"2019-07-04T19:34:12","modified_gmt":"2019-07-04T17:34:12","slug":"media","status":"publish","type":"page","link":"https:\/\/albertogarel.es\/satoa\/entretenimiento\/educ\/media\/","title":{"rendered":"Media"},"content":{"rendered":"<div id=\"pl-4973\"  class=\"panel-layout\" ><div id=\"pg-4973-0\"  class=\"panel-grid panel-has-style\" ><div class=\"siteorigin-panels-stretch panel-row-style panel-row-style-for-4973-0\" data-stretch-type=\"full-stretched\" ><div id=\"pgc-4973-0-0\"  class=\"panel-grid-cell\" ><div id=\"panel-4973-0-0-0\" class=\"so-panel widget widget_sow-headline panel-first-child panel-last-child\" data-index=\"0\" ><div class=\"panel-widget-style panel-widget-style-for-4973-0-0-0\" ><div\n\t\t\t\n\t\t\tclass=\"so-widget-sow-headline so-widget-sow-headline-default-1ac82e701c66-4973 so-widget-fittext-wrapper\"\n\t\t\t data-fit-text-compressor=\"0.85\"\n\t\t><div class=\"sow-headline-container \">\n\t<h1 class='sow-headline'>MEDIA<\/h1>\t\t\t\t\t<div class=\"decoration\">\n\t\t\t\t\t\t<div class=\"decoration-inside\"><\/div>\n\t\t\t\t\t<\/div>\n\t\t\t\t\t<\/div><\/div><\/div><\/div><\/div><\/div><\/div><div id=\"pg-4973-1\"  class=\"panel-grid panel-has-style\" ><div class=\"panel-row-style panel-row-style-for-4973-1\" ><div id=\"pgc-4973-1-0\"  class=\"panel-grid-cell panel-grid-cell-empty\" ><\/div><div id=\"pgc-4973-1-1\"  class=\"panel-grid-cell panel-grid-cell-mobile-last\" ><div id=\"panel-4973-1-1-0\" class=\"so-panel widget widget_bcn_widget widget_breadcrumb_navxt panel-first-child panel-last-child\" data-index=\"1\" ><div class=\"panel-widget-style panel-widget-style-for-4973-1-1-0\" ><div class=\"breadcrumbs\" vocab=\"https:\/\/schema.org\/\" typeof=\"BreadcrumbList\"><!-- Breadcrumb NavXT 7.1.0 -->\n<span property=\"itemListElement\" typeof=\"ListItem\"><a property=\"item\" typeof=\"WebPage\" title=\"Ir a multi Sites.\" href=\"https:\/\/albertogarel.es\" class=\"main-home\" ><span property=\"name\">multi Sites<\/span><\/a><meta property=\"position\" content=\"1\"><\/span> &gt; <span property=\"itemListElement\" typeof=\"ListItem\"><a property=\"item\" typeof=\"WebPage\" title=\"Ir a Colegio Santo Tom\u00e1s de Aquino.\" href=\"https:\/\/albertogarel.es\/satoa\" class=\"home\" aria-current=\"page\"><span property=\"name\">Colegio Santo Tom\u00e1s de Aquino<\/span><\/a><meta property=\"position\" content=\"2\"><\/span><\/div><\/div><\/div><\/div><div id=\"pgc-4973-1-2\"  class=\"panel-grid-cell panel-grid-cell-empty\" ><\/div><\/div><\/div><div id=\"pg-4973-2\"  class=\"panel-grid panel-has-style\" ><div class=\"panel-row-style panel-row-style-for-4973-2\" ><div id=\"pgc-4973-2-0\"  class=\"panel-grid-cell panel-grid-cell-empty\" ><\/div><div id=\"pgc-4973-2-1\"  class=\"panel-grid-cell panel-grid-cell-mobile-last\" ><div id=\"panel-4973-2-1-0\" class=\"so-panel widget widget_sow-editor panel-first-child panel-last-child\" data-index=\"2\" ><div\n\t\t\t\n\t\t\tclass=\"so-widget-sow-editor so-widget-sow-editor-base\"\n\t\t\t\n\t\t>\n<div class=\"siteorigin-widget-tinymce textwidget\">\n\t<h2 style=\"text-align: center;\"><strong>Revistas cient\u00edficas para los peques<\/strong><\/h2>\n<hr \/>\n<p>&nbsp;<\/p>\n<div class=\"ich-prefix\">\r\n\r\n    \r\n    <div class=\"row wcp-fgg-wrap\" style=\"width:auto;margin-left: -0px;margin-right: -0px;\">\r\n\r\n                                <div class=\"col-1-2\" style=\"padding: 0px;\">\r\n                <div class=\"wcp-caption-plugin\" ontouchstart=\"\" id=\"wcp-widget-5024-0\" style=\"\">\r\n    <a  href=\"https:\/\/principia.io\/kids\/\" target=\"_self\">        <div class=\"image-caption-box\">\r\n            <div class=\"caption morph\"\r\n                style=\"background-color: #f2d563;\r\n                    color: #1e73be;\">\r\n                <div style=\"display:table;height:100%;width: 100%;\">\r\n                    <h1 class=\"centered-text\" style=\"text-align: justify; padding: 5px;\">\r\n                        <p><div class=\"su-lightbox-content su-u-trim \" id=\"deveras\" style=\"display:none;width:80%;min-width:none;max-width:600px;margin-top:40px;margin-bottom:40px;padding:40px;background:#FFFFFF;color:#333333;box-shadow:0px 0px 15px #333333;text-align:left\"><strong> Principia<\/strong>, revista de ciencia para ni\u00f1os, realiza dos publicaciones al a\u00f1o y tiene como objetivo transmitir a los ni\u00f1os los valores de la ciencia.. <\/div><br \/><span class=\"su-lightbox\" data-mfp-src=\"#deveras\" data-mfp-type=\"inline\" data-mobile=\"yes\">Haz clic aqu\u00ed para m\u00e1s info<\/span><\/p>                    <\/h1>\r\n                <\/div>\r\n            <\/div>\r\n            <img class=\"wcp-caption-image\" src=\"https:\/\/albertogarel.es\/satoa\/wp-content\/uploads\/sites\/5\/2019\/07\/principia.jpg\" title=\"PRINCIPIA\u2026 Revista de ciencia para ni\u00f1os\" alt=\"Principia, revista de ciencia para ni\u00f1os, realiza dos publicaciones al a\u00f1o y tiene como objetivo transmitir a los ni\u00f1os los valores de la ciencia.\" style=\"\"\/>\r\n        <\/div>\r\n\r\n    <\/a><\/div>\r\n<style>\r\n            #wcp-widget-5024-0 .centered-text * {\r\n            color: #1e73be;\r\n        }\r\n    <\/style>            <\/div>\r\n            \r\n                                <div class=\"col-1-2\" style=\"padding: 0px;\">\r\n                <div class=\"wcp-caption-plugin\" ontouchstart=\"\" id=\"wcp-widget-5024-1\" style=\"\">\r\n    <a  href=\"http:\/\/www.helix.conacyt.gob.mx\/\" target=\"_self\">        <div class=\"image-caption-box\">\r\n            <div class=\"caption morph\"\r\n                style=\"background-color: #f2d563;\r\n                    color: #1e73be;\">\r\n                <div style=\"display:table;height:100%;width: 100%;\">\r\n                    <h1 class=\"centered-text\" style=\"text-align: justify; padding: 5px;\">\r\n                        <div class=\"su-lightbox-content su-u-trim \" id=\"menudaciencia\" style=\"display:none;width:80%;min-width:none;max-width:600px;margin-top:40px;margin-bottom:40px;padding:40px;background:#FFFFFF;color:#333333;box-shadow:0px 0px 15px #333333;text-align:left\">\r\nHelix, un suplemento de la revista Ciencia y Desarrollo del Consejo Nacional de Ciencia y Tecnolog\u00eda (Conacyt), M\u00e9jico. Su objetivo es crear el inter\u00e9s de los peques de una manera sencilla y divertida.\r\n<\/div>\r\n<span class=\"su-lightbox\" data-mfp-src=\"#menudaciencia\" data-mfp-type=\"inline\" data-mobile=\"yes\">Haz clic aqu\u00ed para m\u00e1s info<\/span>                    <\/h1>\r\n                <\/div>\r\n            <\/div>\r\n            <img class=\"wcp-caption-image\" src=\"https:\/\/albertogarel.es\/satoa\/wp-content\/uploads\/sites\/5\/2019\/07\/banner-helix.jpg\" title=\"Helix\" alt=\"Helix, un suplemento de la revista Ciencia y Desarrollo del Consejo Nacional de Ciencia y Tecnolog\u00eda (Conacyt), M\u00e9jico. Su objetivo es crear el inter\u00e9s de los peques de una manera sencilla y divertida.\" style=\"\"\/>\r\n        <\/div>\r\n\r\n    <\/a><\/div>\r\n<style>\r\n            #wcp-widget-5024-1 .centered-text * {\r\n            color: #1e73be;\r\n        }\r\n    <\/style>            <\/div>\r\n            \r\n                                <div class=\"col-1-2\" style=\"padding: 0px;\">\r\n                <div class=\"wcp-caption-plugin\" ontouchstart=\"\" id=\"wcp-widget-5024-2\" style=\"\">\r\n    <a  href=\" https:\/\/kids.nationalgeographic.com\/\" target=\"_self\">        <div class=\"image-caption-box\">\r\n            <div class=\"caption morph\"\r\n                style=\"background-color: #f2d563;\r\n                    color: #1e73be;\">\r\n                <div style=\"display:table;height:100%;width: 100%;\">\r\n                    <h1 class=\"centered-text\" style=\"text-align: justify; padding: 5px;\">\r\n                        <p><div class=\"su-lightbox-content su-u-trim \" id=\"nationalgeokids\" style=\"display:none;width:80%;min-width:none;max-width:600px;margin-top:40px;margin-bottom:40px;padding:40px;background:#FFFFFF;color:#333333;box-shadow:0px 0px 15px #333333;text-align:left\"><br \/>National Geographic Kids es una revista para ni\u00f1os publicada por la National Geographic Society.<br \/>Estas son algunas de las caracter\u00edsticas regulares, la mayor\u00eda de las cuales aparecen peri\u00f3dicamente,<\/p><p>- Animales sorprendentes<br \/>- Cosas divertidas (anteriormente llamadas \"Kids Express\")<br \/>- The Inside Scoop (anteriormente llamado \"World News\")<br \/>- Los ni\u00f1os lo hicieron!<br \/>- \u00a1Ir de safari!<br \/>- What in the World (esta es una de las dos caracter\u00edsticas que aparecen en cada edici\u00f3n)<br \/>- Central de videojuegos (anteriormente llamada \"El siguiente nivel\")<br \/>- Raro pero cierto<br \/>- Inventos geniales<br \/>- Criminales est\u00fapidos<br \/>- Solo bromeando (esta es la otra de las dos caracter\u00edsticas que aparecen en cada edici\u00f3n)<br \/>- Deportes Funnies (im\u00e1genes c\u00f3micas de personas en deportes)<br \/>- Records Mundiales Guinness<br \/>- Observaci\u00f3n de la fauna<br \/>- Desatado (una tira c\u00f3mica sobre tres mascotas dom\u00e9sticas dise\u00f1ada por Strika Entertainment )<br \/>- Mascotas traviesas (fotos divertidas de mascotas haciendo algo malo)<br \/>- La Lista Verde<br \/>- Apuesta que no sab\u00edas<br \/><\/div><br \/><span class=\"su-lightbox\" data-mfp-src=\"#nationalgeokids\" data-mfp-type=\"inline\" data-mobile=\"yes\">Haz clic aqu\u00ed para m\u00e1s info<\/span><\/p>                    <\/h1>\r\n                <\/div>\r\n            <\/div>\r\n            <img class=\"wcp-caption-image\" src=\"https:\/\/albertogarel.es\/satoa\/wp-content\/uploads\/sites\/5\/2018\/11\/nationalgeokids.jpg\" title=\"National Geographic Kids\" alt=\"National Geographic Kids (logo) .JPG National Geographic Kids es una revista para ni\u00f1os publicada por la National Geographic Society .\" style=\"\"\/>\r\n        <\/div>\r\n\r\n    <\/a><\/div>\r\n<style>\r\n            #wcp-widget-5024-2 .centered-text * {\r\n            color: #1e73be;\r\n        }\r\n    <\/style>            <\/div>\r\n            \r\n                                <div class=\"col-1-2\" style=\"padding: 0px;\">\r\n                <div class=\"wcp-caption-plugin\" ontouchstart=\"\" id=\"wcp-widget-5024-3\" style=\"\">\r\n    <a  href=\"https:\/\/www.muyinteresante.com.mx\/junior\/\" target=\"_self\">        <div class=\"image-caption-box\">\r\n            <div class=\"caption morph\"\r\n                style=\"background-color: #f2d563;\r\n                    color: #1e73be;\">\r\n                <div style=\"display:table;height:100%;width: 100%;\">\r\n                    <h1 class=\"centered-text\" style=\"text-align: justify; padding: 5px;\">\r\n                        <div class=\"su-lightbox-content su-u-trim \" id=\"muyintejunior\" style=\"display:none;width:80%;min-width:none;max-width:600px;margin-top:40px;margin-bottom:40px;padding:40px;background:#FFFFFF;color:#333333;box-shadow:0px 0px 15px #333333;text-align:left\">\r\n\r\nLos contenidos de\u00a0<strong>Muy Interesante Junior<\/strong>\u00a0abarcan desde las\u00a0ciencias biom\u00e9dicas, la\u00a0tecnolog\u00eda\u00a0y la\u00a0astrof\u00edsica; hasta la\u00a0psicolog\u00eda, la prospectiva y la\u00a0historia.\u00a0La publicaci\u00f3n se caracteriza por la variedad visual, fotogr\u00e1fica e infograf\u00eda, as\u00ed como por un estilo period\u00edstico y divulgativo accesible a cualquier lector. Sus lemas son \"La revista para saber m\u00e1s de todo\" y \"Muy interesante: entretenimiento inteligente\".\u00a0La prestigiosa revista Muy interesante, cubre los mismos frentes: ciencias , cuerpo humano, curiosidades, cine, arte, ecolog\u00eda, geograf\u00eda, de una forma divertida para los ni\u00f1os\r\n\r\n<\/div> <span class=\"su-lightbox\" data-mfp-src=\"#muyintejunior\" data-mfp-type=\"inline\" data-mobile=\"yes\">Haz clic aqu\u00ed para m\u00e1s info<\/span>                    <\/h1>\r\n                <\/div>\r\n            <\/div>\r\n            <img class=\"wcp-caption-image\" src=\"https:\/\/albertogarel.es\/satoa\/wp-content\/uploads\/sites\/5\/2018\/11\/muyinteresantejunior.jpg\" title=\"Muy Interesante Junior\" alt=\"Deveras, revista de ciencia para ni\u00f1os es una publicaci\u00f3n trimestral editada por el Consejo Mexiquense de Ciencia y Tecnolog\u00eda (Comecyt), a trav\u00e9s de la Direcci\u00f3n de Financiamiento, Divulgaci\u00f3n y Difusi\u00f3n. Desde el 2008, funge como el medio para promover una cultura cient\u00edfica, tecnol\u00f3gica y de innovaci\u00f3n entre los estudiantes de educaci\u00f3n primaria.     Cada n\u00famero es monotem\u00e1tico y cuenta con un enfoque multidisciplinario. Todos los art\u00edculos publicados pasan por un proceso de revisi\u00f3n en el que se dictamina la calidad y creatividad literaria, as\u00ed como el contenido cient\u00edfico.   La versi\u00f3n impresa de esta revista tiene un tiraje de veinte mil ejemplares por n\u00famero y se distribuye gratuitamente en las escuelas primarias p\u00fablicas y privadas del Estado de M\u00e9xico.\" style=\"\"\/>\r\n        <\/div>\r\n\r\n    <\/a><\/div>\r\n<style>\r\n            #wcp-widget-5024-3 .centered-text * {\r\n            color: #1e73be;\r\n        }\r\n    <\/style>            <\/div>\r\n            \r\n            <\/div>\r\n    \r\n\r\n    \r\n    <div class=\"clearfix\"><\/div>\r\n    \r\n<\/div>\n<\/div>\n<\/div><\/div><\/div><div id=\"pgc-4973-2-2\"  class=\"panel-grid-cell panel-grid-cell-empty\" ><\/div><\/div><\/div><div id=\"pg-4973-3\"  class=\"panel-grid panel-has-style\" ><div class=\"panel-row-style panel-row-style-for-4973-3\" ><div id=\"pgc-4973-3-0\"  class=\"panel-grid-cell panel-grid-cell-empty\" ><\/div><div id=\"pgc-4973-3-1\"  class=\"panel-grid-cell panel-grid-cell-mobile-last\" ><div id=\"panel-4973-3-1-0\" class=\"so-panel widget widget_sow-editor panel-first-child panel-last-child\" data-index=\"3\" ><div\n\t\t\t\n\t\t\tclass=\"so-widget-sow-editor so-widget-sow-editor-base\"\n\t\t\t\n\t\t>\n<div class=\"siteorigin-widget-tinymce textwidget\">\n\t<h2 style=\"text-align: center;\"><strong>V\u00eddeos educativos para los peques<\/strong><\/h2>\n<hr \/>\n<p>&nbsp;<\/p>\n<div class=\"ich-prefix\">\r\n\r\n    \r\n    <div class=\"row wcp-fgg-wrap\" style=\"width:auto;margin-left: -0px;margin-right: -0px;\">\r\n\r\n                                <div class=\"col-1-2\" style=\"padding: 0px;\">\r\n                <div class=\"wcp-caption-plugin\" ontouchstart=\"\" id=\"wcp-widget-5109-0\" style=\"\">\r\n            <div class=\"image-caption-box\">\r\n            <div class=\"caption morph\"\r\n                style=\"background-color: #f2d563;\r\n                    color: #1e73be;\">\r\n                <div style=\"display:table;height:100%;width: 100%;\">\r\n                    <h1 class=\"centered-text\" style=\"text-align: justify; padding: 5px;\">\r\n                        <span class=\"su-lightbox\" data-mfp-src=\"https:\/\/www.youtube.com\/watch?v=QQCjmI4MW-E\" data-mfp-type=\"iframe\" data-mobile=\"yes\">\r\nNos muestra a un grupo de ni\u00f1os peque\u00f1os que habitan en un barrio de escasos recursos y como la amistad conlleva entra\u00f1ables y bonitos momentos, as\u00ed como compartir lo que se tiene.\r\n<\/span>                    <\/h1>\r\n                <\/div>\r\n            <\/div>\r\n            <img class=\"wcp-caption-image\" src=\"https:\/\/albertogarel.es\/satoa\/wp-content\/uploads\/sites\/5\/2018\/11\/lebovideo.jpg\" title=\"Lebo-One by one\" alt=\"\" style=\"\"\/>\r\n        <\/div>\r\n\r\n    <\/div>\r\n<style>\r\n            #wcp-widget-5109-0 .centered-text * {\r\n            color: #1e73be;\r\n        }\r\n    <\/style>            <\/div>\r\n            \r\n                                <div class=\"col-1-2\" style=\"padding: 0px;\">\r\n                <div class=\"wcp-caption-plugin\" ontouchstart=\"\" id=\"wcp-widget-5109-1\" style=\"\">\r\n            <div class=\"image-caption-box\">\r\n            <div class=\"caption morph\"\r\n                style=\"background-color: #f2d563;\r\n                    color: #1e73be;\">\r\n                <div style=\"display:table;height:100%;width: 100%;\">\r\n                    <h1 class=\"centered-text\" style=\"text-align: justify; padding: 5px;\">\r\n                        <span class=\"su-lightbox\" data-mfp-src=\"https:\/\/www.youtube.com\/watch?v=QQCjmI4MW-E\" data-mfp-type=\"iframe\" data-mobile=\"yes\">\r\nUna bonita historia entre un pescador y un p\u00e1jaro herido donde crean una entra\u00f1able amistad.\r\n <\/span>                    <\/h1>\r\n                <\/div>\r\n            <\/div>\r\n            <img class=\"wcp-caption-image\" src=\"https:\/\/albertogarel.es\/satoa\/wp-content\/uploads\/sites\/5\/2018\/11\/migrationvid.jpg\" title=\"Migration\" alt=\"\" style=\"\"\/>\r\n        <\/div>\r\n\r\n    <\/div>\r\n<style>\r\n            #wcp-widget-5109-1 .centered-text * {\r\n            color: #1e73be;\r\n        }\r\n    <\/style>            <\/div>\r\n            \r\n                                <div class=\"col-1-2\" style=\"padding: 0px;\">\r\n                <div class=\"wcp-caption-plugin\" ontouchstart=\"\" id=\"wcp-widget-5109-2\" style=\"\">\r\n            <div class=\"image-caption-box\">\r\n            <div class=\"caption morph\"\r\n                style=\"background-color: #f2d563;\r\n                    color: #1e73be;\">\r\n                <div style=\"display:table;height:100%;width: 100%;\">\r\n                    <h1 class=\"centered-text\" style=\"text-align: justify; padding: 5px;\">\r\n                        <span class=\"su-lightbox\" data-mfp-src=\"https:\/\/www.youtube.com\/watch?v=qvF3jfSWq8A\" data-mfp-type=\"iframe\" data-mobile=\"yes\">\r\nTres cortos divertidos donde mostrar los beneficios del trabajo en equipo a trav\u00e9s de tres animales distintos.\r\n <\/span>                    <\/h1>\r\n                <\/div>\r\n            <\/div>\r\n            <img class=\"wcp-caption-image\" src=\"https:\/\/albertogarel.es\/satoa\/wp-content\/uploads\/sites\/5\/2018\/11\/pinginosvid.jpg\" title=\"Trabajo en Equipo Ping\u00fcinos, Hormigas, Cangrejos.\" alt=\"\" style=\"\"\/>\r\n        <\/div>\r\n\r\n    <\/div>\r\n<style>\r\n            #wcp-widget-5109-2 .centered-text * {\r\n            color: #1e73be;\r\n        }\r\n    <\/style>            <\/div>\r\n            \r\n                                <div class=\"col-1-2\" style=\"padding: 0px;\">\r\n                <div class=\"wcp-caption-plugin\" ontouchstart=\"\" id=\"wcp-widget-5109-3\" style=\"\">\r\n            <div class=\"image-caption-box\">\r\n            <div class=\"caption morph\"\r\n                style=\"background-color: #f2d563;\r\n                    color: #1e73be;\">\r\n                <div style=\"display:table;height:100%;width: 100%;\">\r\n                    <h1 class=\"centered-text\" style=\"text-align: justify; padding: 5px;\">\r\n                        <span class=\"su-lightbox\" data-mfp-src=\"https:\/\/www.youtube.com\/watch?v=nwLm1MlJUGs\" data-mfp-type=\"iframe\" data-mobile=\"yes\">\r\nSe desarrolla en un aula y el mensaje que se transmite es que la familia es un gran equipo cuyos miembros al permanecer unidos afrontan mejor las adversidades y problemas del d\u00eda a d\u00eda.\r\n <\/span>                    <\/h1>\r\n                <\/div>\r\n            <\/div>\r\n            <img class=\"wcp-caption-image\" src=\"https:\/\/albertogarel.es\/satoa\/wp-content\/uploads\/sites\/5\/2018\/11\/somosequipovid.jpg\" title=\"Trabajo en Equipo, somos un equipo\" alt=\"\" style=\"\"\/>\r\n        <\/div>\r\n\r\n    <\/div>\r\n<style>\r\n            #wcp-widget-5109-3 .centered-text * {\r\n            color: #1e73be;\r\n        }\r\n    <\/style>            <\/div>\r\n            \r\n                                <div class=\"col-1-2\" style=\"padding: 0px;\">\r\n                <div class=\"wcp-caption-plugin\" ontouchstart=\"\" id=\"wcp-widget-5109-4\" style=\"\">\r\n            <div class=\"image-caption-box\">\r\n            <div class=\"caption morph\"\r\n                style=\"background-color: #f2d563;\r\n                    color: #1e73be;\">\r\n                <div style=\"display:table;height:100%;width: 100%;\">\r\n                    <h1 class=\"centered-text\" style=\"text-align: justify; padding: 5px;\">\r\n                        <span class=\"su-lightbox\" data-mfp-src=\"https:\/\/www.youtube.com\/watch?v=qCdDPCZfDoE\" data-mfp-type=\"iframe\" data-mobile=\"yes\">\r\nRelata de manera divertida la importancia del reciclaje y la necesidad de que todos pongamos nuestro granito de arena en esta tarea para poder vivir en un mundo m\u00e1s sostenible.\r\n <\/span>                    <\/h1>\r\n                <\/div>\r\n            <\/div>\r\n            <img class=\"wcp-caption-image\" src=\"https:\/\/albertogarel.es\/satoa\/wp-content\/uploads\/sites\/5\/2018\/11\/retrorobotvid.jpg\" title=\"Retrocycling Robot\" alt=\"Relata de manera divertida la importancia del reciclaje y la necesidad de que todos pongamos nuestro granito de arena en esta tarea para poder vivir en un mundo m\u00e1s sostenible.\" style=\"\"\/>\r\n        <\/div>\r\n\r\n    <\/div>\r\n<style>\r\n            #wcp-widget-5109-4 .centered-text * {\r\n            color: #1e73be;\r\n        }\r\n    <\/style>            <\/div>\r\n            \r\n                                <div class=\"col-1-2\" style=\"padding: 0px;\">\r\n                <div class=\"wcp-caption-plugin\" ontouchstart=\"\" id=\"wcp-widget-5109-5\" style=\"\">\r\n            <div class=\"image-caption-box\">\r\n            <div class=\"caption morph\"\r\n                style=\"background-color: #f2d563;\r\n                    color: #1e73be;\">\r\n                <div style=\"display:table;height:100%;width: 100%;\">\r\n                    <h1 class=\"centered-text\" style=\"text-align: justify; padding: 5px;\">\r\n                        <span class=\"su-lightbox\" data-mfp-src=\" https:\/\/www.youtube.com\/watch?v=ZC9vB5AUU2M\" data-mfp-type=\"iframe\" data-mobile=\"yes\">\r\nUna noche Lily hace un mu\u00f1eco de nieve que cobra vida. Ambos se convertir\u00e1n en muy buenos amigos y compartir\u00e1n grandes momentos juntos.\r\n <\/span>                    <\/h1>\r\n                <\/div>\r\n            <\/div>\r\n            <img class=\"wcp-caption-image\" src=\"https:\/\/albertogarel.es\/satoa\/wp-content\/uploads\/sites\/5\/2018\/11\/snowmanvid.jpg\" title=\"Lily & the Snowman\" alt=\"Relata de manera divertida la importancia del reciclaje y la necesidad de que todos pongamos nuestro granito de arena en esta tarea para poder vivir en un mundo m\u00e1s sostenible.\" style=\"\"\/>\r\n        <\/div>\r\n\r\n    <\/div>\r\n<style>\r\n            #wcp-widget-5109-5 .centered-text * {\r\n            color: #1e73be;\r\n        }\r\n    <\/style>            <\/div>\r\n            \r\n            <\/div>\r\n    \r\n\r\n            <style>\r\n            font-size: 1%;        <\/style>\r\n    \r\n    <div class=\"clearfix\"><\/div>\r\n    \r\n<\/div>\n<\/div>\n<\/div><\/div><\/div><div id=\"pgc-4973-3-2\"  class=\"panel-grid-cell panel-grid-cell-empty\" ><\/div><\/div><\/div><div id=\"pg-4973-4\"  class=\"panel-grid panel-has-style\" ><div class=\"panel-row-style panel-row-style-for-4973-4\" ><div id=\"pgc-4973-4-0\"  class=\"panel-grid-cell panel-grid-cell-empty\" ><\/div><div id=\"pgc-4973-4-1\"  class=\"panel-grid-cell panel-grid-cell-mobile-last\" ><div id=\"panel-4973-4-1-0\" class=\"so-panel widget widget_sow-image panel-first-child panel-last-child\" data-index=\"4\" ><div\n\t\t\t\n\t\t\tclass=\"so-widget-sow-image so-widget-sow-image-default-7877d6771435-4973\"\n\t\t\t\n\t\t>\n\n<div class=\"sow-image-container\">\n\t\t<img src=\"https:\/\/albertogarel.es\/satoa\/wp-content\/uploads\/sites\/5\/2018\/12\/estrellascolorcorporativo.png\" width=\"1280\" height=\"320\" srcset=\"https:\/\/albertogarel.es\/satoa\/wp-content\/uploads\/sites\/5\/2018\/12\/estrellascolorcorporativo.png 1280w, https:\/\/albertogarel.es\/satoa\/wp-content\/uploads\/sites\/5\/2018\/12\/estrellascolorcorporativo-300x75.png 300w, https:\/\/albertogarel.es\/satoa\/wp-content\/uploads\/sites\/5\/2018\/12\/estrellascolorcorporativo-768x192.png 768w, https:\/\/albertogarel.es\/satoa\/wp-content\/uploads\/sites\/5\/2018\/12\/estrellascolorcorporativo-1024x256.png 1024w\" sizes=\"(max-width: 1280px) 100vw, 1280px\" alt=\"estrellas decorativas\" loading=\"lazy\" \t\tclass=\"so-widget-image\"\/>\n\t<\/div>\n\n<\/div><\/div><\/div><div id=\"pgc-4973-4-2\"  class=\"panel-grid-cell panel-grid-cell-empty\" ><\/div><\/div><\/div><div id=\"pg-4973-5\"  class=\"panel-grid panel-has-style\" ><div class=\"siteorigin-panels-stretch panel-row-style panel-row-style-for-4973-5\" data-stretch-type=\"full\" ><div id=\"pgc-4973-5-0\"  class=\"panel-grid-cell\" ><div id=\"panel-4973-5-0-0\" class=\"so-panel widget widget_sow-headline panel-first-child panel-last-child\" data-index=\"5\" ><div\n\t\t\t\n\t\t\tclass=\"so-widget-sow-headline so-widget-sow-headline-default-748fecd1da0e-4973\"\n\t\t\t\n\t\t><div class=\"sow-headline-container \">\n\t\t\t\t\t\t<div class=\"decoration\">\n\t\t\t\t\t\t<div class=\"decoration-inside\"><\/div>\n\t\t\t\t\t<\/div>\n\t\t\t\t\t<\/div><\/div><\/div><\/div><\/div><\/div><\/div>","protected":false},"excerpt":{"rendered":"<p>MEDIA multi Sites &gt; Colegio Santo Tom\u00e1s de Aquino Revistas cient\u00edficas para los peques &nbsp; Principia, revista de ciencia para ni\u00f1os, realiza dos publicaciones al a\u00f1o y tiene como objetivo transmitir a los ni\u00f1os los valores de la ciencia.. Haz clic aqu\u00ed para m\u00e1s info Helix, un suplemento de la [&hellip;]<\/p>\n","protected":false},"author":6,"featured_media":0,"parent":4968,"menu_order":0,"comment_status":"closed","ping_status":"closed","template":"template-fullwidth.php","meta":[],"acf":[],"_links":{"self":[{"href":"https:\/\/albertogarel.es\/satoa\/wp-json\/wp\/v2\/pages\/4973"}],"collection":[{"href":"https:\/\/albertogarel.es\/satoa\/wp-json\/wp\/v2\/pages"}],"about":[{"href":"https:\/\/albertogarel.es\/satoa\/wp-json\/wp\/v2\/types\/page"}],"author":[{"embeddable":true,"href":"https:\/\/albertogarel.es\/satoa\/wp-json\/wp\/v2\/users\/6"}],"replies":[{"embeddable":true,"href":"https:\/\/albertogarel.es\/satoa\/wp-json\/wp\/v2\/comments?post=4973"}],"version-history":[{"count":0,"href":"https:\/\/albertogarel.es\/satoa\/wp-json\/wp\/v2\/pages\/4973\/revisions"}],"up":[{"embeddable":true,"href":"https:\/\/albertogarel.es\/satoa\/wp-json\/wp\/v2\/pages\/4968"}],"wp:attachment":[{"href":"https:\/\/albertogarel.es\/satoa\/wp-json\/wp\/v2\/media?parent=4973"}],"curies":[{"name":"wp","href":"https:\/\/api.w.org\/{rel}","templated":true}]}}