{"id":63,"date":"2018-10-25T08:42:11","date_gmt":"2018-10-25T08:42:11","guid":{"rendered":"http:\/\/santotomasdeaquino-torrent.es\/?page_id=63"},"modified":"2022-10-10T01:50:32","modified_gmt":"2022-10-09T23:50:32","slug":"extraescolares","status":"publish","type":"page","link":"https:\/\/albertogarel.es\/satoa\/servicios\/extraescolares\/","title":{"rendered":"Extraescolares"},"content":{"rendered":"<div id=\"pl-63\"  class=\"panel-layout\" ><div id=\"pg-63-0\"  class=\"panel-grid panel-has-style\" ><div class=\"siteorigin-panels-stretch panel-row-style panel-row-style-for-63-0\" data-stretch-type=\"full-stretched\" ><div id=\"pgc-63-0-0\"  class=\"panel-grid-cell\" ><div id=\"panel-63-0-0-0\" class=\"so-panel widget widget_sow-headline panel-first-child panel-last-child\" data-index=\"0\" ><div class=\"panel-widget-style panel-widget-style-for-63-0-0-0\" ><div\n\t\t\t\n\t\t\tclass=\"so-widget-sow-headline so-widget-sow-headline-default-1ac82e701c66-63 so-widget-fittext-wrapper\"\n\t\t\t data-fit-text-compressor=\"0.85\"\n\t\t><div class=\"sow-headline-container \">\n\t<h1 class='sow-headline'>EXTRAESCOLARES<\/h1>\t\t\t\t\t<div class=\"decoration\">\n\t\t\t\t\t\t<div class=\"decoration-inside\"><\/div>\n\t\t\t\t\t<\/div>\n\t\t\t\t\t<\/div><\/div><\/div><\/div><\/div><\/div><\/div><div id=\"pg-63-1\"  class=\"panel-grid panel-has-style\" ><div class=\"panel-row-style panel-row-style-for-63-1\" ><div id=\"pgc-63-1-0\"  class=\"panel-grid-cell panel-grid-cell-empty\" ><\/div><div id=\"pgc-63-1-1\"  class=\"panel-grid-cell panel-grid-cell-mobile-last\" ><div id=\"panel-63-1-1-0\" class=\"so-panel widget widget_bcn_widget widget_breadcrumb_navxt panel-first-child panel-last-child\" data-index=\"1\" ><div class=\"panel-widget-style panel-widget-style-for-63-1-1-0\" ><div class=\"breadcrumbs\" vocab=\"https:\/\/schema.org\/\" typeof=\"BreadcrumbList\"><!-- Breadcrumb NavXT 7.1.0 -->\n<span property=\"itemListElement\" typeof=\"ListItem\"><a property=\"item\" typeof=\"WebPage\" title=\"Ir a multi Sites.\" href=\"https:\/\/albertogarel.es\" class=\"main-home\" ><span property=\"name\">multi Sites<\/span><\/a><meta property=\"position\" content=\"1\"><\/span> &gt; <span property=\"itemListElement\" typeof=\"ListItem\"><a property=\"item\" typeof=\"WebPage\" title=\"Ir a Colegio Santo Tom\u00e1s de Aquino.\" href=\"https:\/\/albertogarel.es\/satoa\" class=\"home\" aria-current=\"page\"><span property=\"name\">Colegio Santo Tom\u00e1s de Aquino<\/span><\/a><meta property=\"position\" content=\"2\"><\/span><\/div><\/div><\/div><\/div><div id=\"pgc-63-1-2\"  class=\"panel-grid-cell panel-grid-cell-empty\" ><\/div><\/div><\/div><div id=\"pg-63-2\"  class=\"panel-grid panel-no-style\" ><div id=\"pgc-63-2-0\"  class=\"panel-grid-cell\" ><div id=\"panel-63-2-0-0\" class=\"so-panel widget widget_sow-image panel-first-child panel-last-child\" data-index=\"2\" ><div class=\"panel-widget-style panel-widget-style-for-63-2-0-0\" ><div\n\t\t\t\n\t\t\tclass=\"so-widget-sow-image so-widget-sow-image-default-17bc2272b535-63\"\n\t\t\t\n\t\t>\n\n<div class=\"sow-image-container\">\n\t\t<img src=\"https:\/\/albertogarel.es\/satoa\/wp-content\/uploads\/sites\/5\/2022\/10\/course-g640feb08e_1280-768x512.jpg\" width=\"640\" height=\"427\" srcset=\"https:\/\/albertogarel.es\/satoa\/wp-content\/uploads\/sites\/5\/2022\/10\/course-g640feb08e_1280-768x512.jpg 768w, https:\/\/albertogarel.es\/satoa\/wp-content\/uploads\/sites\/5\/2022\/10\/course-g640feb08e_1280-300x200.jpg 300w, https:\/\/albertogarel.es\/satoa\/wp-content\/uploads\/sites\/5\/2022\/10\/course-g640feb08e_1280-1024x683.jpg 1024w, https:\/\/albertogarel.es\/satoa\/wp-content\/uploads\/sites\/5\/2022\/10\/course-g640feb08e_1280-272x182.jpg 272w, https:\/\/albertogarel.es\/satoa\/wp-content\/uploads\/sites\/5\/2022\/10\/course-g640feb08e_1280.jpg 1280w\" sizes=\"(max-width: 640px) 100vw, 640px\" alt=\"imagen ni\u00f1as abrazadas\" loading=\"lazy\" \t\tclass=\"so-widget-image\"\/>\n\t<\/div>\n\n<\/div><\/div><\/div><\/div><\/div><div id=\"pg-63-3\"  class=\"panel-grid panel-no-style\" ><div id=\"pgc-63-3-0\"  class=\"panel-grid-cell panel-grid-cell-empty\" ><\/div><div id=\"pgc-63-3-1\"  class=\"panel-grid-cell panel-grid-cell-mobile-last\" ><div id=\"panel-63-3-1-0\" class=\"so-panel widget widget_sow-editor panel-first-child\" data-index=\"3\" ><div\n\t\t\t\n\t\t\tclass=\"so-widget-sow-editor so-widget-sow-editor-base\"\n\t\t\t\n\t\t>\n<div class=\"siteorigin-widget-tinymce textwidget\">\n\t<p>Puede que pienses que los ni\u00f1os ya tienen muchas responsabilidades todos los d\u00edas en el colegio como para apuntarlos a clases extraescolares. Pero no es as\u00ed. La mente de los peque\u00f1os estudiantes, a una edad temprana, es tan receptiva que al margen de las asignaturas del cole sigue habiendo lugar para otras actividades. Cada ni\u00f1o es \u00fanico y tiene intereses, pasiones y predisposiciones completamente diferentes, por lo que a la hora de elegir actividades extraescolares, debemos guiarnos por estos intereses.<\/p>\n<p>Antes de apuntar al peque\u00f1o a una actividad extraescolar debemos analizar bien las preferencias de este, la edad, sus necesidades y los horarios de la actividad.<br \/>\nDebes analizar todos estos datos para que la actividad extraescolar no sea percibida por tu hijo como un castigo, sino como una actividad divertida y educativa. Estas actividades deben aportar a tu hijo formaci\u00f3n, aprendizaje y tiempo de ocio.<\/p>\n<p>Una vez hayas decidido las actividades, llega el momento de fijar un n\u00famero. Elige las m\u00e1s adecuadas sin pasarte, los ni\u00f1os tambi\u00e9n necesitan tiempo para aburrirse.<\/p>\n<\/div>\n<\/div><\/div><div id=\"panel-63-3-1-1\" class=\"so-panel widget widget_text panel-last-child\" data-index=\"4\" >\t\t\t<div class=\"textwidget\"><p>Por ello, contamos con una amplia oferta de\u00a0<strong>actividades extraescolares.<\/strong>\u00a0Estas actividades abarcan desde las m\u00e1s cl\u00e1sicas hasta las \u00faltimas innovaciones en este campo. Ofrecemos a continuaci\u00f3n un listado de las distintas opciones de\u00a0<strong>actividades extraescolares<\/strong>:<\/p>\n<ul>\n<li><strong>Deportivas<\/strong>: enfocadas a la pr\u00e1ctica del deporte o el desarrollo de la psicomotricidad. F\u00fatbol, voleibol, patines, hockey, danza, artes marciales, yoga\u2026<\/li>\n<li><strong>Tecnol\u00f3gicas<\/strong>: la pr\u00e1ctica de actividades tecnol\u00f3gicas es una de las \u00faltimas novedades en las\u00a0<strong>actividades extraescolares.\u00a0<\/strong>En\u00a0Respira contamos con una secci\u00f3n especialmente dedicada a ellas:\u00a0<a href=\"http:\/\/laroboteca.es\/\">la Roboteca<\/a>. Las extraescolares tecnol\u00f3gicas van desde infantil (minibots) hasta Bachillerato, aumentando la dificultad a la vez que su ritmo de aprendizaje.<\/li>\n<li><strong>Creativas<\/strong>: en este tipo de actividades extraescolares, los ni\u00f1os\/as aprender\u00e1n a enfocar y desarrollar su creatividad en ejercicios como: cine y cortos, Art Attack, magia, taller de experimentos, huerto, cocina creativa\u2026<\/li>\n<li><strong>Refuerzo acad\u00e9mico<\/strong>: en esta categor\u00eda, las extraescolares se convierten en una forma id\u00f3nea de apoyar y consolidar el aprendizaje lectivo que se realiza en el colegio o instituto. El objetivo es trabajar un h\u00e1bito de estudio, y aprovechar para practicar conocimientos y resolver dudas.<\/li>\n<li><strong>En ingl\u00e9s<\/strong>: la forma m\u00e1s divertida de aprender ingl\u00e9s, con las ventajas del aprendizaje en aula, pero con unas caracter\u00edsticas m\u00e1s l\u00fadicas y flexibles. Las actividades extraescolares en ingl\u00e9s abarcan desde Infantil (Play\u2019n English) y Primaria (Talk\u2019n English), as\u00ed como otras actividades en este idioma como teatro o storytelling (cuentacuentos en ingl\u00e9s)<\/li>\n<li><strong>Para infantil<\/strong>: bajo esta categor\u00eda, se engloba la oferta espec\u00edfica para ni\u00f1os\/as de Educaci\u00f3n Infantil con actividades como chiquirritmo, predeporte, cuentoteca, teatro infantil, yoga infantil, minichef, m\u00fasica\u2026 El dise\u00f1o pedag\u00f3gico de estas sesiones est\u00e1 destinado a favorecer el desarrollo de las caracter\u00edsticas de los m\u00e1s peque\u00f1os.<\/li>\n<\/ul>\n<p>Adem\u00e1s de estas categor\u00edas, como espacio extraescolar existe la opci\u00f3n de las ludotecas, donde en vez de actividades concretas, se realizan diversas tareas dirigidas al acompa\u00f1amiento y el ocio.<\/p>\n<\/div>\n\t\t<\/div><\/div><div id=\"pgc-63-3-2\"  class=\"panel-grid-cell panel-grid-cell-empty\" ><\/div><\/div><div id=\"pg-63-4\"  class=\"panel-grid panel-has-style\" ><div class=\"siteorigin-panels-stretch panel-row-style panel-row-style-for-63-4\" data-stretch-type=\"full\" ><div id=\"pgc-63-4-0\"  class=\"panel-grid-cell\" ><div id=\"panel-63-4-0-0\" class=\"so-panel widget widget_sow-headline panel-first-child panel-last-child\" data-index=\"5\" ><div\n\t\t\t\n\t\t\tclass=\"so-widget-sow-headline so-widget-sow-headline-default-748fecd1da0e-63 so-widget-fittext-wrapper\"\n\t\t\t data-fit-text-compressor=\"0.85\"\n\t\t><div class=\"sow-headline-container \">\n\t\t\t\t\t\t<div class=\"decoration\">\n\t\t\t\t\t\t<div class=\"decoration-inside\"><\/div>\n\t\t\t\t\t<\/div>\n\t\t\t\t\t<\/div><\/div><\/div><\/div><\/div><\/div><\/div>","protected":false},"excerpt":{"rendered":"<p>EXTRAESCOLARES multi Sites &gt; Colegio Santo Tom\u00e1s de Aquino Puede que pienses que los ni\u00f1os ya tienen muchas responsabilidades todos los d\u00edas en el colegio como para apuntarlos a clases extraescolares. Pero no es as\u00ed. La mente de los peque\u00f1os estudiantes, a una edad temprana, es tan receptiva que al [&hellip;]<\/p>\n","protected":false},"author":6,"featured_media":0,"parent":429,"menu_order":0,"comment_status":"closed","ping_status":"closed","template":"template-fullwidth.php","meta":[],"acf":[],"_links":{"self":[{"href":"https:\/\/albertogarel.es\/satoa\/wp-json\/wp\/v2\/pages\/63"}],"collection":[{"href":"https:\/\/albertogarel.es\/satoa\/wp-json\/wp\/v2\/pages"}],"about":[{"href":"https:\/\/albertogarel.es\/satoa\/wp-json\/wp\/v2\/types\/page"}],"author":[{"embeddable":true,"href":"https:\/\/albertogarel.es\/satoa\/wp-json\/wp\/v2\/users\/6"}],"replies":[{"embeddable":true,"href":"https:\/\/albertogarel.es\/satoa\/wp-json\/wp\/v2\/comments?post=63"}],"version-history":[{"count":57,"href":"https:\/\/albertogarel.es\/satoa\/wp-json\/wp\/v2\/pages\/63\/revisions"}],"predecessor-version":[{"id":8271,"href":"https:\/\/albertogarel.es\/satoa\/wp-json\/wp\/v2\/pages\/63\/revisions\/8271"}],"up":[{"embeddable":true,"href":"https:\/\/albertogarel.es\/satoa\/wp-json\/wp\/v2\/pages\/429"}],"wp:attachment":[{"href":"https:\/\/albertogarel.es\/satoa\/wp-json\/wp\/v2\/media?parent=63"}],"curies":[{"name":"wp","href":"https:\/\/api.w.org\/{rel}","templated":true}]}}