{"id":3,"date":"2018-06-04T11:20:38","date_gmt":"2018-06-04T11:20:38","guid":{"rendered":"http:\/\/ociosinfronteras.es\/?page_id=3"},"modified":"2019-07-11T19:11:33","modified_gmt":"2019-07-11T17:11:33","slug":"politica-de-privacidad","status":"publish","type":"page","link":"https:\/\/albertogarel.es\/tuociosinfronteras\/politica-de-privacidad\/","title":{"rendered":"Pol\u00edtica de privacidad"},"content":{"rendered":"<p><strong>Pol\u00edtica de Privacidad<\/strong><\/p>\n<h4><strong>Nombre Comercial: <span style=\"color: #ff6600;\">Ocio sin Fronteras<\/span><\/strong><\/h4>\n<p>De conformidad con lo dispuesto en la Ley Org\u00e1nica 15\/1999, de Protecci\u00f3n de Datos de Car\u00e1cter Personal (LOPD) y su normativa de desarrollo conforme a la pol\u00edtica de privacidad, el responsable del sitio web, en cumplimiento de lo dispuesto en el art. 5 y 6 de la LOPD, informa a todos los usuarios del sitio web que faciliten o vayan a facilitar sus datos personales, que estos ser\u00e1n incorporados en un fichero automatizado que se encuentra debidamente inscrito en la Agencia Espa\u00f1ola de Protecci\u00f3n de Datos.<\/p>\n<p>Los usuarios, mediante la marcaci\u00f3n de la casilla, aceptan expresamente y de forma libre e inequ\u00edvoca que sus datos personales sean tratados por parte del prestador para realizar las siguientes finalidades:<\/p>\n<ol>\n<li>Remisi\u00f3n de comunicaciones comerciales publicitarias por e-mail, fax, SMS, MMS, comunidades sociales o cualesquier otro medio electr\u00f3nico o f\u00edsico, presente o futuro, que posibilite realizar comunicaci\u00f3n comerciales. Dichas comunicaciones comerciales ser\u00e1n relacionadas sobre productos o servicios ofrecidos por el prestador, as\u00ed como por parte de los colaboradores o parthners con los que \u00e9ste hubiera alcanzado alg\u00fan acuerdo de promoci\u00f3n comercial entre sus clientes. En este caso, los terceros nunca tendr\u00e1n acceso a los datos personales. En todo caso las comunicaciones comerciales ser\u00e1n realizadas por parte del prestador y ser\u00e1n de productos y servicios relacionados con el sector del prestador.<\/li>\n<\/ol>\n<ol start=\"2\">\n<li>Realizar estudios estad\u00edsticos.<\/li>\n<\/ol>\n<ol start=\"3\">\n<li>Tramitar encargos, solicitudes o cualquier tipo de petici\u00f3n que sea realizada por el usuario a trav\u00e9s de cualquiera de las formas de contacto que se ponen a disposici\u00f3n del usuario en el sitio web de la compa\u00f1\u00eda.<\/li>\n<\/ol>\n<ol start=\"4\">\n<li>Remitir el bolet\u00edn de noticias de la p\u00e1gina web.<\/li>\n<\/ol>\n<p>El prestador informa y garantiza a los usuarios en cumplimiento expreso de la pol\u00edtica de privacidad que sus datos personales no ser\u00e1n cedidos en ning\u00fan caso a terceras compa\u00f1\u00edas, y que siempre que fuera a realizarse alg\u00fan tipo de cesi\u00f3n de datos personales, de forma previa, se solicitar\u00eda el consentimiento expreso, informado, e inequ\u00edvoco por parte de los titulares.<\/p>\n<h4><span style=\"color: #ff6600;\"><span style=\"color: #000000;\">Los\u00a0<\/span>Datos:<\/span><\/h4>\n<p>Todos los datos solicitados a trav\u00e9s del sitio web son obligatorios, ya que son necesarios para la prestaci\u00f3n de un servicio \u00f3ptimo al usuario. En caso de que no sean facilitados todos los datos, el prestador no garantiza que la informaci\u00f3n y servicios facilitados sean completamente ajustados a sus necesidades.<\/p>\n<p>El prestador garantiza en todo caso al usuario el ejercicio de los derechos de acceso, rectificaci\u00f3n, cancelaci\u00f3n, informaci\u00f3n y oposici\u00f3n, en los t\u00e9rminos dispuestos en la legislaci\u00f3n vigente para la pol\u00edtica de privacidad. Por ello, de conformidad con lo dispuesto en la <a href=\"https:\/\/www.boe.es\/buscar\/doc.php?id=BOE-A-1999-23750\">Ley Org\u00e1nica 15\/1999<\/a>, de Protecci\u00f3n de Datos de Car\u00e1cter Personal (LOPD) podr\u00e1 ejercer sus derechos remitiendo una solicitud expresa, junto a una copia de su DNI, a trav\u00e9s de los siguientes medios: \u00a0\u00a0\u00a0\u00a0\u00a0E-Mail:\u00a0<a href=\"https:\/\/albertogarel.es\/tuociosinfronteras\/contacto\/\">info@ociosinfronteras.es<\/a><\/p>\n<p>Del mismo modo, el usuario podr\u00e1 darse de baja de cualquiera de los servicios de suscripci\u00f3n facilitados haciendo clic en el apartado darse de baja de todos los correos electr\u00f3nicos remitidos por parte del prestador, tal como especifica la pol\u00edtica de privacidad.<\/p>\n<p>As\u00ed mismo, el prestador ha adoptado todas las medidas t\u00e9cnicas y de organizaci\u00f3n necesarias para garantizar la seguridad e integridad de los datos de car\u00e1cter personal que trate, as\u00ed como para evitar su p\u00e9rdida, alteraci\u00f3n y\/o acceso por parte de terceros no autorizados y el estricto cumplimiento de la pol\u00edtica de privacidad.<\/p>\n<h4><strong>USO DE <span style=\"color: #ff6600;\">COOKIES <\/span>Y DEL FICHERO DE ACTIVIDAD<\/strong><\/h4>\n<p>El prestador por su propia cuenta o la de un tercero contratado para la prestaci\u00f3n de servicios de medici\u00f3n, pueden utilizar cookies cuando un usuario navega por el sitio web. Las cookies son ficheros enviados al navegador por medio de un servidor web con la finalidad de registrar las actividades del usuario durante su tiempo de navegaci\u00f3n.<\/p>\n<p>Las cookies utilizadas por el sitio web se asocian \u00fanicamente con un usuario an\u00f3nimo y su ordenador, y no proporcionan por s\u00ed mismas los datos personales del usuario.<\/p>\n<p>Mediante el uso de las cookies resulta posible que el servidor donde se encuentra la web, reconozca el navegador web utilizado por el usuario con la finalidad de que la navegaci\u00f3n sea m\u00e1s sencilla, permitiendo, por ejemplo, el acceso a los usuarios que se hayan registrado previamente, acceder a las \u00e1reas, servicios, promociones o concursos reservados exclusivamente a ellos sin tener que registrarse en cada visita. Se utilizan tambi\u00e9n para medir la audiencia y par\u00e1metros del tr\u00e1fico, controlar el progreso y n\u00famero de entradas.<\/p>\n<p>El usuario tiene la posibilidad de configurar su navegador para ser avisado de la recepci\u00f3n de cookies y para impedir su instalaci\u00f3n en su equipo. Por favor, consulte las instrucciones y manuales de su navegador para ampliar esta informaci\u00f3n.<\/p>\n<h4>Para utilizar el sitio <span style=\"color: #ff6600;\">web<\/span><\/h4>\n<p>No resulta necesario que el usuario permita la instalaci\u00f3n de las cookies enviadas por el sitio web, o el tercero que act\u00fae en su nombre, sin perjuicio de que sea necesario que el usuario inicie una sesi\u00f3n como tal en cada uno de los servicios cuya prestaci\u00f3n requiera el previo registro o \u201clogin\u201d.<\/p>\n<p>Las cookies utilizadas en este sitio web tienen, en todo caso, car\u00e1cter temporal con la \u00fanica finalidad de hacer m\u00e1s eficaz su transmisi\u00f3n ulterior. En ning\u00fan caso se utilizar\u00e1n las cookies para recoger informaci\u00f3n de car\u00e1cter personal.<\/p>\n<h4><strong>DIRECCIONES <span style=\"color: #ff6600;\">IP<\/span><\/strong><\/h4>\n<p>Los servidores del sitio web podr\u00e1n detectar de manera autom\u00e1tica la direcci\u00f3n IP y el nombre de dominio utilizados por el usuario. Una direcci\u00f3n IP es un n\u00famero asignado autom\u00e1ticamente a un ordenador cuando \u00e9sta se conecta a Internet.<\/p>\n<p>Toda esta informaci\u00f3n es registrada en un fichero de actividad del servidor debidamente inscrito que permite el posterior procesamiento de los datos con el fin de obtener mediciones \u00fanicamente estad\u00edsticas que permitan conocer el n\u00famero de impresiones de p\u00e1ginas, el n\u00famero de visitas realizadas a los servicios web, el orden de visitas, el punto de acceso, etc.<\/p>\n<h4><strong>SEGURIDAD<\/strong><\/h4>\n<p>El sitio web utiliza t\u00e9cnicas de seguridad de la informaci\u00f3n generalmente aceptadas en la industria, tales como firewalls, procedimientos de control de acceso y mecanismos criptogr\u00e1ficos, todo ello con el objeto de evitar el acceso no autorizado a los datos. Para lograr estos fines, el usuario\/cliente acepta que el prestador obtenga datos para efectos de la correspondiente autenticaci\u00f3n de los controles de acceso.<\/p>\n<p>Todo proceso de contrataci\u00f3n o que conlleve la introducci\u00f3n de datos personales de car\u00e1cter alto (salud, ideolog\u00eda,\u2026) ser\u00e1n siempre transmitidos mediante protocolo de comunicaci\u00f3n segura (Https:\/\/,\u2026), de tal forma que ning\u00fan tercero tenga acceso a la informaci\u00f3n transmitida v\u00eda electr\u00f3nica.<\/p>\n<h4><strong>POLITICA DE COOKIES<\/strong><\/h4>\n<p><span style=\"color: #ff6600;\"><strong>Ocio sin Fronteras<\/strong><\/span>\u00a0utiliza cookies para facilitar el acceso y navegaci\u00f3n por la misma as\u00ed como obtener datos estad\u00edsticos gen\u00e9ricos sobre los h\u00e1bitos de navegaci\u00f3n de los usuarios. Las mismas ser\u00e1n ubicadas en su terminal, ya sea ordenador, tablet o smartphone.<\/p>\n<p>Nada m\u00e1s acceder a la p\u00e1gina ser\u00e1s sucintamente informado de la descarga e instalaci\u00f3n de las mismas as\u00ed como de la existencia del presente texto informativo y de la posibilidad de desactivar las cookies.<\/p>\n<p>En caso de que no lo haga y contin\u00fae navegando por la p\u00e1gina, se entender\u00e1 que acepta la ubicaci\u00f3n de cookies en su terminal as\u00ed como su utilizaci\u00f3n. Si desea m\u00e1s informaci\u00f3n acerca de la gesti\u00f3n y desactivaci\u00f3n de cookies, por favor consulte el apartado \u201cGestionar las cookies\u201d de este texto.<\/p>\n<h4><strong>Definici\u00f3n de cookie<\/strong><\/h4>\n<p><img decoding=\"async\" loading=\"lazy\" class=\"aligncenter wp-image-158\" src=\"https:\/\/albertogarel.es\/tuociosinfronteras\/wp-content\/uploads\/sites\/7\/2018\/06\/Presentaci\u00f3n1-208x300.png\" alt=\"Pol\u00edtica de privacidad y Tipos de Cookies\" width=\"301\" height=\"435\" srcset=\"https:\/\/albertogarel.es\/tuociosinfronteras\/wp-content\/uploads\/sites\/7\/2018\/06\/Presentaci\u00f3n1-208x300.png 208w, https:\/\/albertogarel.es\/tuociosinfronteras\/wp-content\/uploads\/sites\/7\/2018\/06\/Presentaci\u00f3n1-300x433.png 300w, https:\/\/albertogarel.es\/tuociosinfronteras\/wp-content\/uploads\/sites\/7\/2018\/06\/Presentaci\u00f3n1-600x867.png 600w, https:\/\/albertogarel.es\/tuociosinfronteras\/wp-content\/uploads\/sites\/7\/2018\/06\/Presentaci\u00f3n1-709x1024.png 709w, https:\/\/albertogarel.es\/tuociosinfronteras\/wp-content\/uploads\/sites\/7\/2018\/06\/Presentaci\u00f3n1.png 720w\" sizes=\"(max-width: 301px) 100vw, 301px\" \/><\/p>\n<h4><strong>Cookies Utilizadas:<\/strong><\/h4>\n<p>Seg\u00fan lo dispuesto en el art\u00edculo 22.2 de la Ley 34\/2002, de 11 de julio, de Servicios de la Sociedad de la Informaci\u00f3n y de Comercio Electr\u00f3nico (LSSI-CE),\u00a0\u00a0<span style=\"color: #ff6600;\"><strong>Ocio sin Fronteras<\/strong><\/span>\u00a0informa de las cookies utilizadas en nuestra website: https:\/\/www.ociosinfronteras.es<\/p>\n<h4><strong>Gestionar las cookies<\/strong><\/h4>\n<p>As\u00ed mismo, SCEPS. Informa al usuario de que tiene la posibilidad de configurar su navegador de modo que se le informede la recepci\u00f3n de cookies, pudiendo, si as\u00ed lo desea, impedir que sean instaladas en su disco duro.<br \/>\nA continuaci\u00f3n le proporcionamos los enlaces de diversos navegadores, a trav\u00e9s de los cuales podr\u00e1 desactivar y realizar dicha configuraci\u00f3n:<\/p>\n<p>Firefox desde aqu\u00ed:\u00a0<a href=\"http:\/\/support.mozilla.org\/es\/kb\/habilitar-y-deshabilitar-cookies-que-lossitios-we\">http:\/\/support.mozilla.org\/es\/kb\/habilitar-y-deshabilitar-cookies-que-lossitios-we<\/a><br \/>\nChrome desde aqu\u00ed:\u00a0<a href=\"http:\/\/support.google.com\/chrome\/bin\/answer.py?hl=es&amp;answer=95647\">http:\/\/support.google.com\/chrome\/bin\/answer.py?hl=es&amp;answer=95647<\/a><br \/>\nExplorer desde aqu\u00ed:\u00a0<a href=\"http:\/\/windows.microsoft.com\/es-es\/internet-explorer\/delete-managecookies#ie=ie-10\">http:\/\/windows.microsoft.com\/es-es\/internet-explorer\/delete-managecookies#ie=ie-10<\/a><br \/>\nSafari desde aqu\u00ed:\u00a0<a href=\"http:\/\/support.apple.com\/kb\/ph5042\">http:\/\/support.apple.com\/kb\/ph5042<\/a><br \/>\nOpera desde aqu\u00ed:\u00a0<a href=\"http:\/\/help.opera.com\/Windows\/11.50\/es-ES\/cookies.html\">http:\/\/help.opera.com\/Windows\/11.50\/es-ES\/cookies.html<\/a><\/p>\n","protected":false},"excerpt":{"rendered":"<p>Pol\u00edtica de Privacidad Nombre Comercial: Ocio sin Fronteras De conformidad con lo dispuesto en la Ley Org\u00e1nica 15\/1999, de Protecci\u00f3n de Datos de Car\u00e1cter Personal (LOPD) y su normativa de desarrollo conforme a la pol\u00edtica de privacidad, el responsable del sitio web, en cumplimiento de lo dispuesto en el art. 5 y 6 de la [&hellip;]<\/p>\n","protected":false},"author":11,"featured_media":0,"parent":0,"menu_order":0,"comment_status":"closed","ping_status":"open","template":"","meta":[],"_links":{"self":[{"href":"https:\/\/albertogarel.es\/tuociosinfronteras\/wp-json\/wp\/v2\/pages\/3"}],"collection":[{"href":"https:\/\/albertogarel.es\/tuociosinfronteras\/wp-json\/wp\/v2\/pages"}],"about":[{"href":"https:\/\/albertogarel.es\/tuociosinfronteras\/wp-json\/wp\/v2\/types\/page"}],"author":[{"embeddable":true,"href":"https:\/\/albertogarel.es\/tuociosinfronteras\/wp-json\/wp\/v2\/users\/11"}],"replies":[{"embeddable":true,"href":"https:\/\/albertogarel.es\/tuociosinfronteras\/wp-json\/wp\/v2\/comments?post=3"}],"version-history":[{"count":6,"href":"https:\/\/albertogarel.es\/tuociosinfronteras\/wp-json\/wp\/v2\/pages\/3\/revisions"}],"predecessor-version":[{"id":1492,"href":"https:\/\/albertogarel.es\/tuociosinfronteras\/wp-json\/wp\/v2\/pages\/3\/revisions\/1492"}],"wp:attachment":[{"href":"https:\/\/albertogarel.es\/tuociosinfronteras\/wp-json\/wp\/v2\/media?parent=3"}],"curies":[{"name":"wp","href":"https:\/\/api.w.org\/{rel}","templated":true}]}}