{"id":1066,"date":"2018-10-15T10:08:53","date_gmt":"2018-10-15T08:08:53","guid":{"rendered":"http:\/\/ociosinfronteras.es\/?post_type=product&#038;p=1066"},"modified":"2019-08-15T01:18:43","modified_gmt":"2019-08-14T23:18:43","slug":"valedelinares-albarracin-12-13-enero","status":"publish","type":"product","link":"https:\/\/albertogarel.es\/tuociosinfronteras\/producto\/valedelinares-albarracin-12-13-enero\/","title":{"rendered":"Valdelinares &#8211; Albarrac\u00edn 12 | 13 Enero<span class=\"fecha\">12\/02\/2019<\/span>"},"content":{"rendered":"<h3>TERUEL | ALBARRAC\u00cdN | RUBIELOS DE MORA |VALDELINARES<\/h3>\n<p><span style=\"color: #ff6600;\"><strong>12 ENERO | S\u00c1BADO:<\/strong><\/span><\/p>\n<p>Salida a las 8:30 AM desde Avda. de Arag\u00f3n en Valencia<\/p>\n<p>Visita a Albarrac\u00edn | salida hacia Teruel | comida en restaurante Teruel | por la tarde visita Torres Mud\u00e9jares, Catedral, Torico, Amantes | Salida hacia Rubielos de Mora | Llegada al hotel, reparto de habitaciones | Tiempo libre | Piscina climatizada, Sauna, Yacuzzi | Cena |Salida nocturna (opcional).<\/p>\n<p><span style=\"color: #ff6600;\"><strong>13 ENERO | DOMINGO:<\/strong><\/span><\/p>\n<p>Tras el desayuno salimos hacia las pistas de esqu\u00ed de Valdelinares donde pasamos la ma\u00f1ana | Comida en restaurante de Valdelinares | Caf\u00e9 en Mora de Rubielos | Vuelta a Valencia a las 20:30<\/p>\n<p>&nbsp;<\/p>\n<p><span style=\"color: #ff6600;\"><strong>EL PRECIO INCLUYE:<\/strong><\/span><\/p>\n<ul>\n<li>Autocar ida | vuelta.<\/li>\n<li>Alojamiento en Hotel de monta\u00f1a en Rubielos de Mora.<\/li>\n<li>Sauna | gimnasio | piscina climatizada.<\/li>\n<li>Pensi\u00f3n completa (una cena, un desayuno, una comida).<\/li>\n<li>Gu\u00eda Acompa\u00f1ante.<\/li>\n<li>Todas las excursiones.<\/li>\n<li>Gu\u00eda acompa\u00f1ante.<\/li>\n<\/ul>\n","protected":false},"excerpt":{"rendered":"<h3><strong>Albarrac\u00edn &#8211; Valdelinares<\/strong><\/h3>\n","protected":false},"featured_media":1070,"comment_status":"open","ping_status":"closed","template":"","meta":[],"product_cat":[56],"product_tag":[164,165,166,99,163,23],"_links":{"self":[{"href":"https:\/\/albertogarel.es\/tuociosinfronteras\/wp-json\/wp\/v2\/product\/1066"}],"collection":[{"href":"https:\/\/albertogarel.es\/tuociosinfronteras\/wp-json\/wp\/v2\/product"}],"about":[{"href":"https:\/\/albertogarel.es\/tuociosinfronteras\/wp-json\/wp\/v2\/types\/product"}],"replies":[{"embeddable":true,"href":"https:\/\/albertogarel.es\/tuociosinfronteras\/wp-json\/wp\/v2\/comments?post=1066"}],"wp:featuredmedia":[{"embeddable":true,"href":"https:\/\/albertogarel.es\/tuociosinfronteras\/wp-json\/wp\/v2\/media\/1070"}],"wp:attachment":[{"href":"https:\/\/albertogarel.es\/tuociosinfronteras\/wp-json\/wp\/v2\/media?parent=1066"}],"wp:term":[{"taxonomy":"product_cat","embeddable":true,"href":"https:\/\/albertogarel.es\/tuociosinfronteras\/wp-json\/wp\/v2\/product_cat?post=1066"},{"taxonomy":"product_tag","embeddable":true,"href":"https:\/\/albertogarel.es\/tuociosinfronteras\/wp-json\/wp\/v2\/product_tag?post=1066"}],"curies":[{"name":"wp","href":"https:\/\/api.w.org\/{rel}","templated":true}]}}