{"id":3334,"date":"2019-09-01T13:47:17","date_gmt":"2019-09-01T11:47:17","guid":{"rendered":"http:\/\/tuociosinfronteras.es\/?post_type=product&#038;p=3334"},"modified":"2022-10-12T10:36:41","modified_gmt":"2022-10-12T08:36:41","slug":"aniversario-ocio-sin-fronteras-opcion-a","status":"publish","type":"product","link":"https:\/\/albertogarel.es\/tuociosinfronteras\/producto\/aniversario-ocio-sin-fronteras-opcion-a\/","title":{"rendered":"Aniversario Ocio sin fronteras &#8211; <strong>OPCI\u00d3N A<\/strong><span class=\"fecha\">15\/11\/2119<\/span>"},"content":{"rendered":"\n<div class=\"container-fluid\">\n<h2><strong>D\u00eda:<\/strong> Viernes, 15 de noviembre<\/h2>\n<h3><strong>Salida:<\/strong> 20:00 PM desde Valencia, Avda. de Arag\u00f3n.<\/h3>\n<p><\/p>\n<h2>R\u00edete con nosotros en un fin de semana inolvidable.<\/h2>\n<div class=\"container\">\n<h4><strong>Programa:\u00a0<\/strong><\/h4>\n<ul>OPCI\u00d3N A<\/p>\n<ul>\n<li>Entrada el Viernes<\/li>\n<li>Salida el Domingo<\/li>\n<li>autob\u00fas 5\u20ac<\/li>\n<li>hotel Golf Playa<\/li>\n<\/ul>\n<\/ul>\n<h6>VIERNES 15<\/h6>\n<ul>\n<li>fiesta del pijama<\/li>\n<\/ul>\n<h6>S\u00c1BADO 16<\/h6>\n<ul>\n<li>Por la tarde:\n<ul>\n<li>Juegos de first day.<\/li>\n<li>Gran hermano.<\/li>\n<li>Juego de las sillas.<\/li>\n<li>Gallinita ciega<\/li>\n<li>Baile<\/li>\n<li>Fiesta &#8220;Pirata&#8221; s\u00e1bado noche.<\/li>\n<\/ul>\n<\/li>\n<h6>DOMINGO 17<\/h6>\n<ul>\n<li>Vuelta el Domingo a las 16:00h.<\/li>\n<li>Autob\u00fas 5\u20ac desde hotel a Valencia. <\/li>\n<\/ul>\n<\/ul><\/div>\n<\/p><\/div>\n","protected":false},"excerpt":{"rendered":"<p>D\u00eda: Viernes, 15 de noviembre Salida: 20:00 PM desde Valencia, Avda. de Arag\u00f3n. R\u00edete con nosotros en un fin de semana inolvidable. Programa:\u00a0 OPCI\u00d3N A Entrada el Viernes Salida el Domingo autob\u00fas 5\u20ac hotel Golf Playa VIERNES 15 fiesta del pijama S\u00c1BADO 16 Por la tarde: Juegos de first day. Gran hermano. Juego de las [&hellip;]<\/p>\n","protected":false},"featured_media":3333,"comment_status":"open","ping_status":"closed","template":"","meta":[],"product_cat":[231],"product_tag":[265,266,126,267,268],"_links":{"self":[{"href":"https:\/\/albertogarel.es\/tuociosinfronteras\/wp-json\/wp\/v2\/product\/3334"}],"collection":[{"href":"https:\/\/albertogarel.es\/tuociosinfronteras\/wp-json\/wp\/v2\/product"}],"about":[{"href":"https:\/\/albertogarel.es\/tuociosinfronteras\/wp-json\/wp\/v2\/types\/product"}],"replies":[{"embeddable":true,"href":"https:\/\/albertogarel.es\/tuociosinfronteras\/wp-json\/wp\/v2\/comments?post=3334"}],"wp:featuredmedia":[{"embeddable":true,"href":"https:\/\/albertogarel.es\/tuociosinfronteras\/wp-json\/wp\/v2\/media\/3333"}],"wp:attachment":[{"href":"https:\/\/albertogarel.es\/tuociosinfronteras\/wp-json\/wp\/v2\/media?parent=3334"}],"wp:term":[{"taxonomy":"product_cat","embeddable":true,"href":"https:\/\/albertogarel.es\/tuociosinfronteras\/wp-json\/wp\/v2\/product_cat?post=3334"},{"taxonomy":"product_tag","embeddable":true,"href":"https:\/\/albertogarel.es\/tuociosinfronteras\/wp-json\/wp\/v2\/product_tag?post=3334"}],"curies":[{"name":"wp","href":"https:\/\/api.w.org\/{rel}","templated":true}]}}