{"id":4248,"date":"2019-09-30T21:51:45","date_gmt":"2019-09-30T19:51:45","guid":{"rendered":"http:\/\/tuociosinfronteras.es\/?post_type=product&#038;p=4248"},"modified":"2022-10-12T10:33:55","modified_gmt":"2022-10-12T08:33:55","slug":"madrid-en-navidad28-12-2019","status":"publish","type":"product","link":"https:\/\/albertogarel.es\/tuociosinfronteras\/producto\/madrid-en-navidad28-12-2019\/","title":{"rendered":"Madrid en Navidad<span class=\"fecha\">28\/12\/2119<\/span>"},"content":{"rendered":"<div class=\"container-fluid\">\n<h2><strong>D\u00eda:<\/strong> S\u00e1bado, 28 de diciembre<\/h2>\n<h3><strong>Salida 1:<\/strong>07:45 AM desde Valencia, <span style=\"color: #ffa500\">Avda. de Arag\u00f3n<\/span>.<\/h3>\n<h3><strong>Salida 2:<\/strong>08:00 AM desde Valencia, <span style=\"color: #ffa500\">Plaza de Espa\u00f1a<\/span>.<\/h3>\n<div class=\"container\">\n<h4><strong>Programa:\u00a0<\/strong><\/h4>\n<h6>S\u00c1BADO 28<\/h6>\n<ul>\n<li>Llegamos a Madrid a las 12:00h. del mediod\u00eda<\/li>\n<li>Panor\u00e1mica en autob\u00fas de la ciudad:\n<ul>\n<li>Puerta de Alcal\u00e1<\/li>\n<li>Cibeles<\/li>\n<li>Neptuno<\/li>\n<li>Congreso de los Diputados<\/li>\n<li>Torres Kio<\/li>\n<li>Torres de Madrid<\/li>\n<li>Bernabeu<\/li>\n<\/ul>\n<\/li>\n<li>Comida en el restaurante del casco ant\u00edguo: <strong>Cocido por encargo<\/strong><\/li>\n<li>Despu\u00e9s vamos al hotel, peque\u00f1o descanso y volvemos al centro de Madrid para ver el encendido de luces y pasear por la Plaza Mayor, Sol, Arenal, etc.<\/li>\n<li>A cenar nos vamos a las Cuevas de la Mazmorra t\u00edpicas de Madrid y al lado del mercado de SAn Miguel.<\/li>\n<li>Regreso al hotel en bus a las 00:30h de la noche.<\/li>\n<\/ul>\n<h6>DOMINGO 15<\/h6>\n<ul>\n<li>Tras el desayuno nos vamos a las 10:00 a Madrid.<\/li>\n<li>Paseo por el Retiro y Rastro.<\/li>\n<li>Tiempo libre.<\/li>\n<li>Comida libre<\/li>\n<li>A las !6:00h de la tarde regreso a VAlencia.<\/li>\n<li>Llegada a las 08:30h<\/li>\n<\/ul>\n<h4><strong>Incluye:\u00a0<\/strong><\/h4>\n<ul>\n<li>Autob\u00fas ida y vuelta.<\/li>\n<li>Traslado nocturno tras la cena<\/li>\n<li>Gu\u00eda acompa\u00f1ante<\/li>\n<li>Alojamiento en <strong>Hotel B&#038;B MADRID GETAFE<\/strong><\/li>\n<li>Comida del s\u00e1bado ( Cocido o lo que prefieras)<\/li>\n<li>Cena el s\u00e1bado en cuevas bajo<\/li>\n<li>Plaza Mayor<\/li>\n<li><strong>NO INCLUYE NADA QUE NO PONGA INCLUIDO<\/strong><\/li>\n<\/ul><\/div>\n<\/div>\n","protected":false},"excerpt":{"rendered":"<p>D\u00eda: S\u00e1bado, 28 de diciembre Salida 1:07:45 AM desde Valencia, Avda. de Arag\u00f3n. Salida 2:08:00 AM desde Valencia, Plaza de Espa\u00f1a. Programa:\u00a0 S\u00c1BADO 28 Llegamos a Madrid a las 12:00h. del mediod\u00eda Panor\u00e1mica en autob\u00fas de la ciudad: Puerta de Alcal\u00e1 Cibeles Neptuno Congreso de los Diputados Torres Kio Torres de Madrid Bernabeu Comida en [&hellip;]<\/p>\n","protected":false},"featured_media":4253,"comment_status":"open","ping_status":"closed","template":"","meta":[],"product_cat":[233],"product_tag":[173,174],"_links":{"self":[{"href":"https:\/\/albertogarel.es\/tuociosinfronteras\/wp-json\/wp\/v2\/product\/4248"}],"collection":[{"href":"https:\/\/albertogarel.es\/tuociosinfronteras\/wp-json\/wp\/v2\/product"}],"about":[{"href":"https:\/\/albertogarel.es\/tuociosinfronteras\/wp-json\/wp\/v2\/types\/product"}],"replies":[{"embeddable":true,"href":"https:\/\/albertogarel.es\/tuociosinfronteras\/wp-json\/wp\/v2\/comments?post=4248"}],"wp:featuredmedia":[{"embeddable":true,"href":"https:\/\/albertogarel.es\/tuociosinfronteras\/wp-json\/wp\/v2\/media\/4253"}],"wp:attachment":[{"href":"https:\/\/albertogarel.es\/tuociosinfronteras\/wp-json\/wp\/v2\/media?parent=4248"}],"wp:term":[{"taxonomy":"product_cat","embeddable":true,"href":"https:\/\/albertogarel.es\/tuociosinfronteras\/wp-json\/wp\/v2\/product_cat?post=4248"},{"taxonomy":"product_tag","embeddable":true,"href":"https:\/\/albertogarel.es\/tuociosinfronteras\/wp-json\/wp\/v2\/product_tag?post=4248"}],"curies":[{"name":"wp","href":"https:\/\/api.w.org\/{rel}","templated":true}]}}